010000012?
-20010000012
In base 4, what is 111 + -32221?
-32110
In base 16, what is b - 844?
-839
In base 9, what is 412 + 4666?
5178
In base 8, what is -3 - 25017?
-25022
In base 14, what is -20d0 + -22c?
-231c
In base 5, what is -1 - 1410142?
-1410143
In base 5, what is 0 - -4313424?
4313424
In base 6, what is -3 + -151454?
-151501
In base 6, what is 221535 + -3?
221532
In base 5, what is -23 + -4000433?
-4001011
In base 6, what is -103 + 10340?
10233
In base 3, what is -11 - -1112212111?
1112212100
In base 14, what is -d76 + -1b?
-d93
In base 8, what is 172 + -670?
-476
In base 15, what is 83 - -203?
286
In base 3, what is 210110 - 22021120?
-21111010
In base 12, what is -3 - 329?
-330
In base 8, what is -31 - 561?
-612
In base 9, what is 5 - 481053?
-481047
In base 5, what is -10401 + -211243?
-222144
In base 4, what is -2330 - -121021?
112031
In base 7, what is 104 + -3656?
-3552
In base 10, what is 304 - 353?
-49
In base 16, what is 4 + 14f?
153
In base 7, what is 35 + -102012?
-101644
In base 6, what is 412234 - 11?
412223
In base 6, what is -1330102 + 3?
-1330055
In base 3, what is -110122 - 11112?
-122011
In base 13, what is -a + 35c3?
35b6
In base 3, what is 11 - -22100010?
22100021
In base 4, what is -1122 + 120?
-1002
In base 13, what is -350 - -a46?
6c6
In base 15, what is 11 + 15300?
15311
In base 6, what is -234 - -140?
-54
In base 16, what is -16 - -284c?
2836
In base 13, what is 16 - 9818?
-9802
In base 7, what is 44241 - 16?
44222
In base 5, what is -443 - 20043?
-21041
In base 16, what is 190 + 26?
1b6
In base 12, what is 2a27 + 21?
2a48
In base 2, what is -1101011010010100 + 0?
-1101011010010100
In base 12, what is 1 - -4885b?
48860
In base 15, what is -129 + -5b36?
-5c60
In base 12, what is -69 - -b0?
43
In base 14, what is -a + 118?
10c
In base 3, what is -1200 - 120211?
-122111
In base 8, what is 630 - 221?
407
In base 9, what is -214251 - 4?
-214255
In base 8, what is 2 - 1002412?
-1002410
In base 11, what is 6111 - 57?
6065
In base 11, what is 60 - -16349?
163a9
In base 13, what is -456b3 - -1?
-456b2
In base 14, what is 15 - 110c?
-10d7
In base 3, what is -10 - 210111112001?
-210111112011
In base 11, what is a343 - 5?
a339
In base 7, what is -5 + -44615?
-44623
In base 9, what is -5670 - 11?
-5681
In base 16, what is -8 + -fd29?
-fd31
In base 3, what is 2210 + 1111121?
1121101
In base 12, what is -257770 + -2?
-257772
In base 8, what is 56 - -3735?
4013
In base 3, what is -11 - 111110000212?
-111110001000
In base 7, what is 15 + -136311?
-136263
In base 7, what is 3151 + 206?
3360
In base 6, what is -5301 + 23035?
13334
In base 15, what is -182c7b + 2?
-182c79
In base 11, what is 95307a + 2?
953081
In base 5, what is 3 + -1024202?
-1024144
In base 9, what is -75 - -2007?
1822
In base 4, what is -330313 + -23?
-331002
In base 10, what is -1 + -189132?
-189133
In base 4, what is -20002021221 + 3?
-20002021212
In base 7, what is -4 + -2035234?
-2035241
In base 14, what is 5 + c78?
c7d
In base 14, what is 4 + 20128?
2012c
In base 16, what is -98 - -4a4?
40c
In base 4, what is 1011 + 220012?
221023
In base 10, what is -52685 + 7?
-52678
In base 8, what is 7 + -1655?
-1646
In base 7, what is -16422 - 64?
-16516
In base 13, what is -6 - 2896cb?
-289704
In base 14, what is 2775aa - -2?
2775ac
In base 10, what is 769 + -1425?
-656
In base 16, what is -4ab + -3a?
-4e5
In base 2, what is 110010001 + 10011010?
1000101011
In base 16, what is 4 + 350b6?
350ba
In base 2, what is -111101110 + 1001110?
-110100000
In base 4, what is -2122 - 23210?
-31332
In base 15, what is 2 - -38cb1?
38cb3
In base 12, what is 21131 - 0?
21131
In base 6, what is 20 - 2142312?
-2142252
In base 5, what is 133223 + 1130?
134403
In base 9, what is 3 - 207231?
-207227
In base 5, what is 32322 + -1122?
31200
In base 8, what is -2 - 206211?
-206213
In base 15, what is 5 - 4192?
-418c
In base 2, what is 101000011 - 101001001111?
-100100001100
In base 11, what is 1 - 90a4?
-90a3
In base 8, what is -5 + -1316102?
-1316107
In base 8, what is -1 + 3220?
3217
In base 11, what is 26 - 1a780?
-1a755
In base 9, what is -1 - -438343?
438342
In base 13, what is 1aa62 + 1?
1aa63
In base 12, what is -5475 + -1?
-5476
In base 14, what is -171642 + 3?
-17163d
In base 7, what is -3 + 34005?
34002
In base 6, what is 222 - -1442400?
1443022
In base 14, what is -20 - dab4?
-dad4
In base 2, what is -1001011101000 + -100111001?
-1010000100001
In base 7, what is -52512 + 443?
-52036
In base 8, what is -42666 - -1?
-42665
In base 9, what is 62231 + -4?
62226
In base 3, what is -2221112 + 2112?
-2212000
In base 14, what is -11548 - 5?
-1154d
In base 15, what is -e12 - -8?
-e09
In base 4, what is -10 - -22110032?
22110022
In base 15, what is 127e - 15?
1269
In base 7, what is -15555 + -6?
-15564
In base 16, what is 6 + 13e1?
13e7
In base 7, what is 102616 - -2?
102621
In base 12, what is 120b - -535?
1744
In base 9, what is 243650 + 4?
243654
In base 9, what is -274 - 6073?
-6357
In base 13, what is 453 + -1b?
435
In base 14, what is 1a3 - 112d?
-d6a
In base 8, what is -166445 - -3?
-166442
In base 9, what is 21 + -34635?
-34614
In base 10, what is 21 + -13?
8
In base 7, what is 1422 + 122?
1544
In base 15, what is -2d2 + 79?
-258
In base 14, what is 94600 - -1?
94601
In base 11, what is -3702 - -25?
-3688
In base 11, what is -6376 + a?
-6367
In base 3, what is -2220 + 1010122122?
1010112202
In base 9, what is -5122 + 51?
-5061
In base 7, what is -405 + 11?
-364
In base 6, what is -5 - 211113?
-211122
In base 7, what is 62260 + 0?
62260
In base 13, what is 144ab0 + -5?
144aa8
In base 6, what is 4405 + -14320?
-5511
In base 4, what is -1 - -33221330?
33221323
In base 9, what is 2 - -13714?
13716
In base 9, what is 135 + -1017?
-772
In base 12, what is -3942b - 5?
-39434
In base 16, what is 0 + 25a0?
25a0
In base 13, what is 329 - 134?
1c5
In base 12, what is 5 + -3212?
-3209
In base 8, what is -10 + 526?
516
In base 2, what is -1101111 - -10?
-1101101
In base 12, what is 3 - -6757?
675a
In base 11, what is -26aa6 + 5?
-26aa1
In base 6, what is 0 - -155421?
155421
In base 9, what is 3 - 71122?
-71118
In base 8, what is -74 + 2713?
2617
In base 11, what is 21aa51 + -4?
21aa48
In base 6, what is -4420 + -2110?
-10530
In base 16, what is -30e + 2e?
-2e0
In base 5, what is 1343014 - 10?
1343004
In base 6, what is -2 + 153331?
153325
In base 2, what is -1000010 - -111011110111?
111010110101
In base 9, what is 11511 + 12?
11523
In base 5, what is -10 + -444034?
-444044
In base 7, what is -666422 + -4?
-666426
In base 13, what is -4 - 80a8?
-80ac
In base 5, what is 1023 + 304343?
310421
In base 16, what is -564 + 5e?
-506
In base 10, what is 656 - -1?
657
In base 16, what is -48 + -204?
-24c
In base 6, what is -2 + 401?
355
In base 13, what is 7 + -2ba8?
-2ba1
In base 10, what is -470 + 219?
-251
In base 2, what is 10101110101001111010001 + -101?
10101110101001111001100
In base 12, what is 55833 + 4?
55837
In base 9, what is 114 + -14?
100
In base 13, what is 1b3 + 28?
20b
In base 12, what is 759b - 175?
7426
In base 4, what is 102323202 + -30?
102323112
In base 10, what is -63 - 499?
-562
In base 14, what is -c27 + 4?
-c23
In base 11, what is 388aa + -1?
388a9
In base 3, what is 120120 - 12212122?
-12022002
In base 2, what is -100010011011010 - 101?
-100010011011111
In base 11, what is -7a4139 - 5?
-7a4143
In base 7, what is 31333 - 34?
31266
In base 15, what is a8b6 + -31?
a885
In base 4, what is -3332030 - 102?
-3332132
In base 5, what is -24321 - -21?
-24300
In base 14, what is -5 + -a8c?
-a93
In base 7, what is 15100 - -1?
15101
In base 8, what is -3 + -5077220?
-5077223
In base 12, what is 173 - -134?
2a7
In base 13, what is 1 - 2bbb?
-2bba
In base 13, what is -4 - -1a18b?
1a187
In base 3, what is -1212211 + 2012102?
22121
In base 5, what is -3033 - 113313?
-121401
In base 12, what is -9051 + -20?
-9071
In base 16, what is -891 - 17?
-8a8
In base 14, what is -715 - -4?
-711
In base 7, what is -160 - -153?
-4
In base 2, what is 101101101000 + 1011?
101101110011
In base 8, what is -5 + -13042?
-13047
In base 11, what is -5 - 109464?
-109469
In base 2, what is 10 + -101001111100111?
-101001111100101
In base 6, what is 1532 - 2401?
-425
In base 3, what is -201 - -12211100012?
12211022